mber?
False
Suppose 0*z = 19*z - 3267487. Is z a prime number?
False
Suppose 2*u - 3 = 2*c + 3, 0 = -3*c + 5*u - 11. Let n be -1 + -2 + -1 + 352/22. Let b = n - c. Is b a prime number?
False
Let s = -621 - -621. Suppose s = 7*c - 4334 - 48915. Is c prime?
True
Let u = -276 - -263. Is u/2*-3639*(-14)/(-21) a composite number?
True
Let q(b) = 5*b**2 - 7*b + 71. Let l be q(-19). Suppose 106*p = 113*p - l. Is p prime?
False
Suppose -5*h = u - 7109954, -8*h - 55*u = -51*u - 11375948. Is h a composite number?
False
Let o(d) = -29*d**2 - 12*d - 43. Let l be o(14). Let i = l + 8614. Suppose -6*a = -i - 965. Is a composite?
True
Is 5/(((-230)/55 - -4) + 14093901/77515427) a composite number?
True
Let l(z) = -2701*z + 3. Let v(m) = -2699*m + 2. Let k(g) = 7*l(g) - 6*v(g). Is k(-1) a prime number?
False
Let v = -118448 + 167517. Is v a composite number?
False
Let r(y) = 7*y**2 + 2*y - 16. Suppose 41*l - 42 = 35*l. Is r(l) composite?
True
Let q(g) = -16072*g - 823. Is q(-10) composite?
True
Suppose -20*g - 2631289 = -7004429. Is g a composite number?
False
Suppose -3*t + 308818 = 5*o, 3*o = 4*o + 2*t - 61751. Is o a prime number?
False
Suppose 0*c = 3*i + 3*c - 1056, 0 = i + 3*c - 342. Let n = 1369 + -1181. Suppose -5*l = -i - n. Is l a composite number?
False
Suppose 11 + 21 = 8*b. Is (-89)/(((-6)/24)/(5/b)) prime?
False
Let y = 4 - 7. Let a(p) = -p**2 + 26*p - 103. Let s be a(21). Is (3 + 1091/s)*(5 + y) prime?
True
Suppose 43*z - 44*z = 0. Suppose 368*o - 363*o - 3155 = z. Is o a composite number?
False
Let z = 279 - 192. Suppose 0 = -z*b + 89*b - 4474. Is b prime?
True
Let h = -17 - -24. Suppose -2*a + 3 = -h. Suppose -3*m - 2925 = -3*q, 0 = -0*q - 3*q + a*m + 2927. Is q composite?
True
Let p(i) = 19*i**3 - 4*i**2 - 10*i - 5. Let q be p(8). Is (8 - 0)*(q/12 - 5) prime?
False
Let v(u) = -11*u**3 + 47*u**2 + 298*u - 63. Is v(-23) prime?
True
Let z(m) be the second derivative of m**5/20 + 5*m**4/4 - 8*m**3/3 - m**2 + 13*m. Let a be z(-16). Is 67/a*(0 + -2) a composite number?
False
Is 12/(-54)*(-2023047)/26 prime?
True
Let a be (0 - 9)*(-20)/90. Is (-7)/((-70)/2825)*a a prime number?
False
Let p = 350356 - 209279. Is p prime?
False
Let k(y) = -60*y**3 + 3*y**2 + 10*y - 2. Let l(g) = -4*g - 34. Let p be l(-7). Let w be k(p). Let u = w + -4121. Is u a composite number?
True
Let f(l) = l**2 + 8*l + 31. Let c be 144/(9 + -5) + -2. Is f(c) composite?
False
Let q be 28/21*107/(-4)*-18. Is (q/4)/(102/1156) a prime number?
False
Let w = 645 - 651. Let h(i) = -32*i**3 + 4*i**2 - 13*i - 67. Is h(w) a prime number?
False
Let r(g) = -51*g**3 - 23*g**2 - 3*g - 8. Is r(-5) prime?
True
Let r = -694310 + 1363331. Is r a composite number?
True
Let f be (-2)/3 - (-25)/(-3). Let h be 20/9 - (-2)/f. Suppose -251 = -h*s + 347. Is s prime?
False
Suppose 77*u - 44*u - 43*u + 75830 = 0. Is u composite?
False
Let q be ((-20)/6)/(-5) - (-546)/(-9). Let g be 1366/(-2) + (1 - 1). Let l = q - g. Is l a prime number?
False
Suppose 0 = -4*z - 2*z - 12. Is z - 0 - -2096 - (21 + -22) composite?
True
Let y be 3 + (46818/(-45))/(1/10). Let m = -3332 - y. Is m a composite number?
False
Suppose v - 3*x = 2772 - 682, 2*x + 10424 = 5*v. Let g = v + -63. Is g composite?
True
Let j(x) = -17429*x - 1898. Is j(-8) prime?
False
Let v = -50376 - -266077. Is v a composite number?
True
Let s(l) = 4349*l**2 + 15*l - 91. Is s(4) composite?
True
Suppose 0 = 2*u - 38 + 28. Suppose -u*b + 5 - 15 = 0. Is (-350)/(-4) - (-3)/b - 1 a prime number?
False
Is (72/27)/((-42)/(-9)) - (-2745297)/21 a prime number?
True
Suppose 4*n = -20*q + 24*q - 7080628, q = -4*n + 1770157. Is q prime?
True
Suppose -89*h + 408 = -85*h. Is (h/(-12)*-2)/(2/134) prime?
False
Suppose 29*t = 539689 + 126905. Suppose -80*k = -62*k - t. Is k composite?
False
Let w = -28 + 24. Let p be (w/(-4))/(1/1303). Let a = 2892 - p. Is a a composite number?
True
Suppose 2 = -9*p + 29. Let a be (p + -1)/(4/(-16)). Let k(z) = -124*z - 15. Is k(a) a composite number?
False
Suppose 8 + 2 = 4*i + 2*x, 3*i + 4*x = 5. Suppose i*f - 87644 = -f + 2*u, f = 3*u + 21911. Is f a composite number?
False
Let d be 6*2 + (-18)/6. Suppose -q = n - 6*n + 15, 0 = -3*n + d. Is 110*5/(10 + q) a prime number?
False
Suppose 97564 = 2*w + 5*y - 132318, 0 = -5*w - 4*y + 574705. Is w a prime number?
True
Suppose -2*v + 5*w = 4 - 12, -4*v - w + 16 = 0. Suppose 0 = -v*u - 8 + 24. Suppose 5 + 15 = -u*s, 5*b + 5*s = 2800. Is b prime?
False
Let z(n) = 2*n - 3. Let k(w) = w. Let v(o) = 3*k(o) - z(o). Let m be v(2). Suppose -m*a + 0*u = -2*u - 929, -2*a = -2*u - 368. Is a prime?
False
Let u(q) = 11174*q - 313. Is u(10) composite?
False
Let h = 1006214 + 27415. Is h prime?
False
Suppose -2*o - 3 - 7 = 0, -2*o = -3*y - 17. Let v be (((-8)/(-3))/(-4))/(3/y). Suppose 2*g + 0*h - 228 = -v*h, -4*g + 457 = 3*h. Is g a composite number?
True
Suppose 720 = -2*f + 7*f. Let g = f + -95. Suppose g*z = 44*z + 1370. Is z composite?
True
Suppose 158*d = 37*d - 56507. Let h be (-1106)/(-1)*6/7. Let a = d + h. Is a a composite number?
True
Suppose 3*y - 9456 = -3*w + 23169, -3*y - w + 32627 = 0. Suppose -2*z - y = -6*z. Is z composite?
False
Let v(j) = -4*j**2 - 9*j + 11. Let i be v(-11). Let x = 635 - i. Let r = 1550 - x. Is r composite?
False
Let p be (-140)/245 + (3 - 76/14). Let j = 1 + -2. Is p/9*(j - -4) - -1172 prime?
True
Let w(n) be the first derivative of 5/3*n**3 + 3*n - 7 - 2*n**2 + 1/4*n**4. Is w(-5) composite?
False
Let r(t) = -14651*t**2 + 26*t - 26. Let y(i) = -4883*i**2 + 9*i - 9. Let k(b) = -3*r(b) + 8*y(b). Is k(1) a prime number?
True
Suppose 4*o - 21 = -p, -2*p = -2 - 0. Is (-244071)/(-235) + 2/o prime?
True
Let z = -125034 - -231089. Is z composite?
True
Let q be (-290)/90 + 3 + (-7)/9. Suppose 5*u = -3*c + 6, 3*c - 2*c - 2 = -5*u. Is -4 + (1560 - (q - c)) a composite number?
False
Suppose -2*h + 0*a + 25 = a, 3*h - 3*a - 15 = 0. Suppose n + j = -4*n + h, -n = 2*j + 7. Is n + (-139 + -4)/(-1) a composite number?
True
Let w = 116 + -82. Suppose -56 = -9*p + w. Let c(d) = 367*d - 11. Is c(p) a composite number?
False
Suppose -3*v + 9 = 0, -3*v + 5 + 4 = -5*z. Suppose -6*a + 5 + 7 = z. Suppose -a*b + 0*b + 962 = -c, 0 = -4*b + 5*c + 1936. Is b a prime number?
True
Suppose 7 = 10*m - 43. Suppose -m*v + 4*v = -3. Is (2/v)/(4/6702) a prime number?
True
Is ((-1644)/(-8))/(3 - (-1890)/(-636)) a composite number?
True
Let l = 85 - 83. Suppose -l*n + 8*n = -450. Let h = n + 126. Is h prime?
False
Let w = 115 - 111. Suppose -2*h + 3*k + 1689 = 0, -w*k = 4*h + 1434 - 4822. Let n = -575 + h. Is n a prime number?
True
Suppose -47055 = -13*v + 97024. Suppose 4*r + 7*t = 2*t + v, 0 = -3*t + 9. Is r prime?
True
Suppose -25 = -11*t + 6*t, -5*c + 4*t = -304695. Is c a composite number?
False
Let y = -17798 - -111517. Is y prime?
True
Suppose 0*r + 276 = 51*r - 5*r. Suppose 0*v + 3765 = 5*v. Suppose r*y - 4539 = -v. Is y prime?
True
Suppose -b + m + 7 = -0*b, -3*b + 5*m + 23 = 0. Let i be 3/(-2)*(b - -18). Is 6868/36 + (-8)/i composite?
False
Suppose -8103 = 2*y + 16*z - 11*z, -5*y - 20295 = 5*z. Let g = y - -9535. Is g a composite number?
False
Let a = 257 - 253. Suppose -y = 3*b - 1126, -a*y + 3*b = 1226 - 5685. Is y a composite number?
False
Is ((-189404)/2)/(254/(-1651)) a composite number?
True
Suppose -5*o = 5*s - 14230, -5*s = -o - 2*s + 2842. Let v = 4692 - o. Is v a prime number?
True
Is (-4)/((-4)/162852*12) a composite number?
True
Let u = 140 + -129. Is 15829/u*(7 - (-4)/(-2)) prime?
False
Let f(n) = -50282*n + 173. Is f(-1) a composite number?
True
Suppose 269497 = 2*m + 5*x, -5*x = -4*m - 7*x + 538970. Is m composite?
False
Let i(q) = 19*q**3 + 3*q**2 + q + 1. Let p be i(-1). Is 684 + -3 + p/4 a composite number?
False
Suppose 12834942 = 5*n - 26960393. Is n a composite number?
False
Let o(t) = -23*t**3 + 10*t**2 - 29*t - 29. Is o(-6) a prime number?
False
Suppose -10*j = -4*w - 9*j, 0 = -4*w - 5*j. Is (2327/3 - -2)*3 - w a prime number?
True
Suppose -4*l = 2*z - z - 5, 0 = 4*l - 4. Let a be (z - -3)*348/(-12). Let b = a + 489. Is b composite?
False
Let w = -34 + 28. Let c(d) = -2752*d**2 - 2*d - 8. Let a(k) = -2751*k**2 - 2*k - 7. Let t(b) = w*a(b) + 5*c(b). Is t(-1) a prime number?
False
Let z(p) = p**2. Let r be z(0). Is r + (-5)/30 - (-33487)/6 a composite number?
False
Let